 by f?
9
Let s be 2*4/20*5. Suppose 5*j + 3*q = 18, 5*j + 2*q - 19 = -s. What is the remainder when 7 is divided by j?
1
Let j(y) = -y**3 + 10*y**2 - 7*y - 13. Let l be j(9). What is the remainder when 321/5 - 1/l is divided by 22?
20
Let m be 2 + 11 + (-2)/1. Let j(p) = -2*p + 1 + m*p - 3. What is the remainder when 47 is divided by j(2)?
15
Suppose 5*q = -5, -3*x + q + 22 = 3*q. Calculate the remainder when 39 is divided by x.
7
Suppose 12*x - 16*x + 456 = 0. What is the remainder when x is divided by 29?
27
Suppose 4*l = 4, 4*l = -v - 2*v + 13. Suppose 3*g + 234 = 3*i - v, -2*i + 161 = g. Suppose 0 = -3*k - 2*k + i. Calculate the remainder when 30 is divided by k.
14
Let p = 4 - -1. Suppose -1 = -3*s + p. Suppose -7 + 3 = -4*w. What is the remainder when s is divided by w?
0
Suppose 26*d = 28*d - 46. Calculate the remainder when 91 is divided by d.
22
Suppose 0 = -2*o + o - 4*z + 26, o + 5*z - 24 = 0. Let f = o + -11. Calculate the remainder when f is divided by 8.
7
Let c = 1 - 1. Suppose c = -2*r - 1 + 25. Suppose 2*o + 2 = 0, 90 = 6*x - 2*x + 2*o. Calculate the remainder when x is divided by r.
11
Let c = -25 + 40. Calculate the remainder when c is divided by 9.
6
Let i be 111*(11/3 + -1). Suppose 6*u - 22 = i. Calculate the remainder when u is divided by 18.
17
Calculate the remainder when 2 - -2 - -34 - 0 is divided by 4*(6 - (2 - 1)).
18
Suppose 0 = -4*s - 9 + 509. Let p = 100 + 23. Suppose 3*u - s = -4*k + 4*u, -u + p = 4*k. What is the remainder when k is divided by 11?
9
Suppose 3*p + 27 = 4*p. What is the remainder when 77 is divided by p?
23
Suppose 0 = 5*m - 2*y - 253, 3*m - 2*m = -y + 45. Let o = m - 16. What is the remainder when o is divided by 9?
6
Suppose 21 = 5*v - 9. Suppose -5*r - 5*b + 4*b + 162 = 0, -r = 2*b - 27. What is the remainder when r is divided by v?
3
Let j(a) = -a**2 + 8*a. Let d = -43 - -62. What is the remainder when d is divided by j(7)?
5
Suppose 2*i = -2 + 6. Suppose -i + 21 = c. Calculate the remainder when c is divided by 10.
9
Let y = -21 - -27. What is the remainder when y is divided by 3?
0
Let a(c) = -2*c + 75. What is the remainder when a(24) is divided by 8?
3
Suppose 0*v - 230 = -3*v + 5*c, 2*v - 4*c = 152. Calculate the remainder when v is divided by 22.
14
Suppose -2*j = -8 - 44. Calculate the remainder when -2*7/8*-28 is divided by j.
23
Suppose 10 = -2*p + 4*p. What is the remainder when p is divided by -3*(0 - 2/3)?
1
Let a(d) = 3*d**2 + 10*d - 2. Let o be a(-7). Let t = o + -29. Suppose 0 = -n + 2 + 14. Calculate the remainder when t is divided by n.
14
Suppose -79 = -14*g + 117. Suppose -j + 30 = 4*j. What is the remainder when g is divided by j?
2
Let h(a) = -a**3 - 15*a**2 + 14*a - 3. What is the remainder when 55 is divided by h(-16)?
26
Let y be (-13)/(-2) + (-1)/2. Let s = -6 + 25. What is the remainder when (1 - 3)/(y/(-165)) is divided by s?
17
Suppose -3*p - 3*f = -111, 2*p - 3*f - 64 = -7*f. Suppose 2 + 10 = 3*l, -8 = -2*q + 2*l. What is the remainder when p is divided by ((-33)/2)/((-6)/q)?
20
Let t(q) = -2*q - 16. Let j be t(12). What is the remainder when 37 is divided by ((-27)/(-18))/((-6)/j)?
7
Suppose 4*j - 2*j = -u - 10, 2*j + 6 = -3*u. Calculate the remainder when (-132)/(-9)*(-9)/j is divided by 0/(0 + -1) + 8.
6
Suppose 3*m - 22 = 8. What is the remainder when 3/(-2)*116/(-6) is divided by m?
9
Let j be (-44)/(-5) + 1/5. Suppose w + 8 = 5*q - 0*q, 4*q - 12 = -2*w. Suppose -j = -q*l + 13. Calculate the remainder when 21 is divided by l.
10
Let z(n) be the second derivative of -n**3/3 - 2*n**2 + 2*n. Calculate the remainder when 18 is divided by z(-7).
8
Suppose 4*t - 2*j - 20 = 0, 3*t - 28 = -2*t + j. Let b = 17 + 0. Suppose -5*m = -4*m - b. Calculate the remainder when m is divided by t.
5
Suppose -12 + 5 = -t. Let j(c) = c**2 - 5*c + 4. Let x be j(5). Suppose x + 15 = f. What is the remainder when f is divided by t?
5
Let v be (-2)/(-6) + (-5)/(-3). Suppose -v*t + 3*p + 12 = 0, 4*t + 0*p - 24 = 3*p. What is the remainder when 10 is divided by t?
4
Let i = -8 + 11. Let x be (-1)/(2 - i) + -1. Suppose x = 5*u - 2*s - 51, -5*s + 41 = 5*u + 11. What is the remainder when u is divided by 4?
1
Suppose -5*u - s + 29 = 0, -2*u + 6*u + s - 24 = 0. Suppose 0 = -g + 6 - u. What is the remainder when ((-3)/(-2))/(g/12) is divided by 10?
8
Suppose 15 = z - 4. Calculate the remainder when 75 is divided by z.
18
What is the remainder when 7 is divided by (22/33)/((-1)/(-9))?
1
What is the remainder when 50 is divided by 26/2 + 0/3?
11
Suppose -v + 210 = s - 0*s, 2*s - 6 = 0. What is the remainder when v is divided by 42?
39
Let m be 7/7*(1 - 1). Suppose -5*r + 0*r = -25. Suppose -x = 3*u - 50, -78 = -r*u - m*x + x. What is the remainder when u is divided by 9?
7
Let r be 1 + -9 - (-3 - -3). Let c = -37 - r. Let i = -12 - c. What is the remainder when i is divided by 9?
8
Suppose -147 = 4*s - 3*j, 0*s + 2*s = j - 71. Let i = s - -56. What is the remainder when i is divided by 8?
7
Let m(d) = d**2 + 3*d - 10. Let r be m(-7). Let s = 27 - r. Suppose -5*q - 26 = -196. Calculate the remainder when q is divided by s.
7
Let d(a) = a**3 - a**2 - a. Let u be (-1 - -2)*(3 - 3). Let r be d(u). Let w(t) = -t**2 - t + 22. Calculate the remainder when w(r) is divided by 12.
10
Suppose 0 = -4*b - 0*b + 140. What is the remainder when b is divided by 20?
15
Let d(f) be the first derivative of -f**4/2 + f**3 - 2*f**2 - 4*f - 4. Let a be d(-3). Let n = a + -57. What is the remainder when n is divided by 11?
10
Let o = 3 - 1. Suppose -o*j - 45 = -7*j. Calculate the remainder when (-2 + -2)/(3/(-12)) is divided by j.
7
What is the remainder when ((-10)/15)/((-1)/6) is divided by 3?
1
Let v = -6 + 15. Suppose 0 = 3*i - v, 3*c - 5*i + 1 = 22. What is the remainder when 22 is divided by c?
10
Let f(p) = -p**3 - 5*p**2 - 5. Let t be f(-5). Let s = t - -36. Suppose 4*h - 123 = -s. Calculate the remainder when h is divided by 12.
11
Suppose -g = -2, 0 = 2*x - g - 3*g - 90. What is the remainder when x is divided by 26?
23
Let v(i) = -i + 17. Let b be -1 + (1 - 3)*-4. What is the remainder when 28 is divided by v(b)?
8
Suppose -12 = -0*j - 2*j. Calculate the remainder when 33 is divided by j.
3
Let a(v) = v**2 - v - 12. Calculate the remainder when a(5) is divided by 5.
3
Let o = 28 + -21. Calculate the remainder when 19 is divided by o.
5
Calculate the remainder when 17 is divided by (5/4)/((-2)/(-8)).
2
Let y = -6 + 104. What is the remainder when y is divided by 33?
32
Let q = 26 + 26. Suppose 9 = -r + 4*r. What is the remainder when q is divided by 19 + -1 + (r - 3)?
16
Let o = 1 - -2. Let w be ((1 - o)*5)/(-2). Suppose a = 8 + w. Calculate the remainder when a is divided by 7.
6
Let c be 7/3*(1 + 2). Let p = -3 + c. Suppose o + p*x = 34, -2*o = -5*o - 4*x + 78. Calculate the remainder when o is divided by 8.
6
Let w = 9 - -17. Calculate the remainder when w is divided by 14.
12
Let n = 12 + -7. What is the remainder when ((-12)/n)/((-10)/175) is divided by 11?
9
Suppose -3*o = o - 20. Calculate the remainder when 18 is divided by o.
3
Let a = 29 - 5. Calculate the remainder when a is divided by 13.
11
Suppose 37 + 27 = -2*t. Let l = -24 - t. What is the remainder when 31 is divided by l?
7
Suppose 11*l - 9*l - 382 = 0. Calculate the remainder when l is divided by 12.
11
Suppose 3*d + 3*k = 33, -5*d + 79 = -6*k + 3*k. Calculate the remainder when 83 is divided by d.
13
Let z(g) = 5*g**2 - 1. What is the remainder when 1 + 75 - (7 - 4) is divided by z(-2)?
16
What is the remainder when 54 + (3 + -1)*27/(-18) is divided by 26?
25
Let i = -1 - -1. Calculate the remainder when 31 is divided by 1 + 10 + i - 0.
9
Let s = -17 + 32. Calculate the remainder when (26 - 3/(-1))/1 is divided by s.
14
Suppose 7*f = 5*f + 42. Calculate the remainder when (-3 - 219/9)*-3 is divided by f.
19
Let c(o) = 2*o - 12. Let q be c(8). What is the remainder when (9/3 - q) + 26 is divided by 14?
11
Suppose -2*c + j = -19, 4*j = 4*c + j - 35. Let b = 26 - c. What is the remainder when 2/8 - (-350)/8 is divided by b?
14
Let o(q) = -18*q - 1. Let u(l) = -4*l**3 - 3. Let r be u(-3). Suppose 0 = 3*j + 9 - r. Calculate the remainder when j is divided by o(-1).
15
Let b(z) = z**2 - 3*z - 15. Calculate the remainder when b(6) is div